w(k) = -2*k**2 - 2*k + 4. Calculate w(c).
-36
Let l(m) be the third derivative of m**6/20 - m**5/20 - 5*m**4/24 - m**3/2 + 3351*m**2. Determine l(-1).
-7
Let j(o) be the second derivative of o**4/12 - 5*o**3/3 - 8*o**2 - 6*o - 23. Determine j(12).
8
Let j(m) be the second derivative of -m**5/20 + 5*m**4/12 + m**3/3 - 3*m**2/2 - 2*m. Let r(i) = -32*i**2 - 18*i + 18. Let f be r(-1). Calculate j(f).
21
Let f(c) be the third derivative of c**5/60 + c**4/6 + 1262*c**2. Let u be 3/(0 + -3) + -3. Calculate f(u).
0
Let v = 12856 - 12876. Let h(p) = -4*p - 71. Determine h(v).
9
Let u(b) = -b**3 + 14*b**2 + 2*b. Let p(d) = -2*d**3 + 22*d**2 + 2*d - 1. Let o(i) = -3*p(i) + 5*u(i). Give o(-3).
0
Let j(t) = -t**3 + t**2 + 14*t - 3. Let m be j(4). Let n(v) = -v + 13. Determine n(m).
8
Let x(z) be the third derivative of -z**6/120 + z**5/5 - z**4/8 - z**3/6 - 3*z**2 + 314. What is x(12)?
-37
Let q(j) = 2*j**2 - 13*j + 11. Suppose -1334*z + 1328*z = -30. Calculate q(z).
-4
Let x(a) = -76*a**3 - 80*a**3 - 8*a**2 + 153*a**3 + 5*a + 4. Let l(r) = 4*r**3 + 10*r**2 - 4*r - 3. Let s(m) = 2*l(m) + 3*x(m). Give s(-6).
36
Let m(c) = c**2 + 3*c - 2. Let k = 174 - 177. Let u(g) = -7*g - 25. Let q be u(k). Determine m(q).
2
Let c = 4 + -10. Let m(n) be the first derivative of -1/3*n**3 - 7/2*n**2 + 71 + 0*n. Give m(c).
6
Let z(n) = -35*n - 1125. Let p be z(-32). Let o(j) = j**3 + 2*j**2 + 3*j + 3. Give o(p).
-87
Let d(y) = -6 - 9833*y**2 - 5*y + 3 - 4 + 9825*y**2. Determine d(-3).
-64
Suppose -170*b = -338 - 1751 + 559. Let g(l) = -4*l + 24. Give g(b).
-12
Let a(s) = -5*s**2 + s**3 + 2 + 18*s - 32*s + 15*s. Suppose -5*h = -27 + 17. Calculate a(h).
-8
Let j(w) be the first derivative of 8*w**3/3 - 3*w**2/2 + 5*w - 1821. Determine j(2).
31
Let v(o) = 0*o**3 - 13 + 26*o + 92*o - 2*o**2 - 5*o**3 - 83*o + 4*o**3. What is v(-7)?
-13
Let t = 146 - 104. Let z = 49 + -7. Let i = z - t. Let b(h) = h**3 - h - 3. Calculate b(i).
-3
Let n = -55 + 57. Let h(x) = -16*x**3 + 9*x**2 - x**3 - n + 8*x**3 + 10*x**3 + 5*x. What is h(-8)?
22
Let d(k) = -k**3 - 5*k**2 + 5*k - 3. Let t be 35*((-31)/(-11) - 2/(-11)). Let b = -31 + t. Suppose -2*u - 86 = -b. Give d(u).
3
Let j(w) = -101*w**2 + 14*w + 19. Let o(u) = 118*u**2 - 14*u - 19. Let s(r) = -7*j(r) - 6*o(r). What is s(-13)?
-6
Let k = 33 - 32. Suppose -c = -6*c - 5, k = 2*s - c. Suppose -4*m + s = -8. Let j(o) = 4*o - 1. Give j(m).
7
Suppose -1872 = 380*d - 53*d - 15*d. Let p(a) = a + 11 + 0*a - 4. What is p(d)?
1
Let g = 2386 + -2383. Let u(b) be the first derivative of -2*b - 1/4*b**4 - 1/3*b**g - 13 + 1/2*b**2. Give u(-2).
0
Let c be 3/((-2646)/(-880) - 3). Let s be c/(-75)*-6 - 1/5. Let b(q) = s - 3*q - 64 + 31. What is b(2)?
-4
Let w(t) = 8*t - 24 - 2*t + 4*t + 0*t - 3*t. What is w(-11)?
-101
Let d(p) = -49*p**2 + 13*p - 24. Let j(l) = -41*l**2 + 13*l - 25. Let x(t) = 5*d(t) - 6*j(t). Give x(5).
-10
Let x(q) = q - 16. Let b = 96 + -83. Let m = 20 - b. Give x(m).
-9
Let o(n) = -13*n**3 - 24*n**2 + 8*n + 29. Let z(u) = 11*u**3 + 22*u**2 - 9*u - 29. Let b(i) = -6*o(i) - 7*z(i). What is b(7)?
-13
Let d(k) = 8*k + 68. Let f = -3870 + 3863. Determine d(f).
12
Let o(y) = -3*y + 131. Let l be o(44). Let h(r) be the third derivative of -r**6/120 + r**5/30 - r**3/6 - 17*r**2. Give h(l).
2
Let k(q) = -23*q**2 + 58*q - 534*q**3 - 12*q**2 + 5*q**2 + 535*q**3 - 59. Give k(28).
-3
Let v(f) = 3730*f - f**2 + 3726*f + 1 - 7453*f. Let m = 11 + -7. Suppose -2*i - m*i - 24 = 0. Determine v(i).
-27
Suppose 83*q + 52 = -4*x + 79*q, 0 = -2*x - 5*q - 38. Let m(j) = 2*j**3 + 19*j**2 + 12*j + 22. Give m(x).
-5
Let u(d) = 1402 - 3*d + 1498 - 2790. Determine u(10).
80
Let c(k) = k**2 + 9*k - 15. Suppose 42*p = 31*p - 33. Let v be ((-16)/(-12) - -2)*(p + 0). Determine c(v).
-5
Let x(j) be the third derivative of -j**4/4 - 10*j**3 - 146*j**2. Let y be x(-10). Let d(h) = h - 3. Give d(y).
-3
Let m = -115 - -109. Let l(n) = -28*n**2 + 35*n + 23. Let o(y) = -13*y**2 + 17*y + 11. Let t(h) = m*l(h) + 13*o(h). Determine t(12).
-7
Let l(r) = 8*r - 171. Suppose 22*c + 66 = 26*c + 3*i, -4*c - 2*i = -72. What is l(c)?
-3
Let h(f) = -f**2 + 10*f + 1. Let v(b) be the third derivative of -b**4/2 - b**3/3 + b**2 + 21*b. Let t be v(-1). What is h(t)?
1
Let r(i) = i - 1. Let n be r(-6). Let o(l) = 11*l**2 - 56*l + 14. Let a(g) = -3*g**2 + 17*g - 4. Let c(s) = 7*a(s) + 2*o(s). What is c(n)?
0
Let c(y) = -y**3 - 8*y**2 + 2. Suppose -5*r - 18 = -4*m, -1 = -4*m + 2*r + 11. Let x(z) = z**2 - z. Let b be x(m). Suppose 0 = b*i - 0*i + 16. What is c(i)?
2
Let u(b) = -15*b**2 - 38*b. Let l(t) = -14*t**2 - 25*t. Let n(c) = -3*l(c) + 2*u(c). What is n(2)?
46
Let x(j) = -4*j - 35. Let r(g) = g + 7. Suppose -i + 2 - 1 = 0. Suppose -3*d = -p - 3 - 4, d = p + i. Let t(l) = p*x(l) + 11*r(l). Calculate t(-5).
-8
Suppose 4*j = n + 5 - 1, 3*j = 4*n - 10. Let o(m) = m - 1410*m**j + 1430*m**2 - m. What is o(-1)?
20
Let q(w) = w + 263495*w**2 - w**3 - 7*w - 2 - 263489*w**2. Suppose -20 = 3*u - 8*u. Give q(u).
6
Let x(v) = 7*v - v**2 + 0*v + v - 4. Let r = -671 + 1217. Let b = r + -539. What is x(b)?
3
Let c(y) be the first derivative of -4*y**3/3 + 3*y**2/2 - y - 2. Let t(k) = -2*k**2 - 3297*k - 22979. Let a be t(-7). Determine c(a).
-11
Let c(j) = -3*j**2 + 4*j**2 + 16 + 2489*j + 2492*j - 4964*j. Calculate c(-15).
-14
Let f(x) = -5*x**2 + 13*x - 23. Let a(g) = 17*g**2 - 38*g + 72. Let z(k) = -2*a(k) - 7*f(k). Give z(12).
-19
Let y(b) be the third derivative of b**6/20 - b**5/60 + b**4/24 + b**3/3 + 19*b**2 - 2. What is y(-1)?
-6
Let p(o) be the second derivative of -o**5/20 - 3*o**4/2 - 19*o**3/6 - 19*o**2 + 3174*o + 1. What is p(-17)?
-4
Let r(m) = 4*m**2 - 14*m - 8. Let g(h) = -5*h**2 + 15*h + 8. Let u = 9 + -3. Let b(w) = u*r(w) + 5*g(w). Suppose -119 = 15*o - 29. What is b(o)?
10
Let v = -688 - -695. Suppose -2 = 3*f + v. Let w(x) = 3*x + 2*x**2 - 3 + 3 - 4. What is w(f)?
5
Suppose -4111 = -14*m + 1489. Let w(a) = 3*a + 0 - m*a**2 + 393*a**2 + a**3 - 9. Give w(7).
12
Let t(b) be the second derivative of -b**6/120 - b**5/60 - b**4/24 + 8*b**3 - 78*b**2 - 329*b. Let r(u) be the first derivative of t(u). Determine r(0).
48
Let s be (-26)/2 - 3016/(-377). Let b(h) = -h**3 - 4*h**2 + 7*h + 9. Determine b(s).
-1
Let i(l) = l**2 - 12*l - 2. Let w be i(12). Let y be 3*-2 + w + 8. Let o(h) = 2*h + 13. Let t(c) = 3*c + 20. Let m(g) = 8*o(g) - 5*t(g). What is m(y)?
4
Let m(x) = -237*x + 107. Let d(q) = -285*q + 104. Let v(l) = -5*d(l) + 6*m(l). Determine v(-29).
35
Let h(m) = -5*m**3 + 4*m**2 + 7. Let q = -5 - -1. Suppose 3*d - 99 = -120. Let s(f) = 9*f**3 - 8*f**2 - f - 14. Let a(p) = d*h(p) + q*s(p). Determine a(5).
2
Suppose 4*g - o - 6 + 2 = 0, 4*g + 4*o = 24. Suppose 0 = -7*a + g*a + 45. Let i(q) = -q - 9*q - 5*q**3 + 4*q**3 + 9*q**2 + a. What is i(8)?
-7
Let y(u) = -3*u**3 + u**2 + 2*u + 1. Let c be (-6)/((-21)/(-14) + 2/(-4)). Let g be c/(-4)*928/(-24). Let s = 57 + g. Give y(s).
3
Let f be (15/2)/(1/8). Let c = -58 + f. Let r(w) = -3*w + 5*w - w. Determine r(c).
2
Suppose -218*r + 227 - 613 = 3102. Let v(k) = 7*k + 38. What is v(r)?
-74
Let p(z) = -530*z - 6 - 5 - 528*z + 1061*z. What is p(5)?
4
Suppose -38*w - 32*w + 365 - 15 = 0. Let s(c) = -c**3 + 6*c**2 + c - 14. What is s(w)?
16
Let k = 189 + -181. Suppose 0 = 7*t - k*t - 2. Let m(s) = 2*s - 1. Let r(c) = c**2 + 3*c - 2. Let v(n) = 3*m(n) - 2*r(n). Determine v(t).
-7
Let x be -3*(6/9 + (-1534)/78). Suppose -3*r + 51 = -g, -4*r = -2*g + 5*g - 68. Suppose x = 8*a + r. Let j(w) = -w**2 + 6*w + 7. Give j(a).
12
Let g(h) = -6*h + 82. Let x be g(13). Let l(y) = x*y - 7 + 6*y - 1215*y**2 + 1214*y**2. Determine l(8).
9
Suppose -6*b + 100 = 4*b. Let g(h) = 28 - 13 - 8*h - 6 - b. Suppose -l + 23 = -5*z, -5*l + 5 + 10 = -5*z. Determine g(l).
15
Let p(x) = -8*x + 11. Let t(g) = 4*g - 6. Let c(q) = 3*p(q) + 5*t(q). Let j be c(2). Let z(o) be the first derivative of -o**2/2 + 3*o + 14. Give z(j).
8
Let q be 184/(-12) - 2/(-6). Let z be 10/(-5)*q/6. Let n be (z - 1)*(-9)/(-12). Let l(g) = -g**3 + 3*g**2 + g - 3. What is l(n)?
0
Let u(y) = -9*y + 245. Let b(q) = 10*q - 277. Let d(p) = -6*b(p) - 7*u(p). What is d(20)?
7
Let v(y) = y**3 + 11*y**2 - 3*y + 8. Suppose -6*p - 7*p - 66 = -7*p. Calculate v(p).
41
Let m(r) = 0*r**3 + 3*r**3 - r**3 - 1. Let q(l) = 